 digit of 241?
2
What is the hundreds digit of 7793?
7
What is the tens digit of 725?
2
What is the units digit of 1486?
6
What is the units digit of 7315?
5
What is the units digit of 2283?
3
What is the thousands digit of 3536?
3
What is the ten thousands digit of 20956?
2
What is the units digit of 37870?
0
What is the units digit of 900?
0
What is the tens digit of 15079?
7
What is the hundred thousands digit of 124449?
1
What is the thousands digit of 4865?
4
What is the thousands digit of 6571?
6
What is the hundreds digit of 790?
7
What is the ten thousands digit of 13236?
1
What is the units digit of 207?
7
What is the ten thousands digit of 26493?
2
What is the units digit of 532?
2
What is the ten thousands digit of 107503?
0
What is the tens digit of 1181?
8
What is the thousands digit of 95830?
5
What is the units digit of 241?
1
What is the ten thousands digit of 57107?
5
What is the thousands digit of 5197?
5
What is the hundreds digit of 9699?
6
What is the tens digit of 12089?
8
What is the units digit of 31369?
9
What is the hundred thousands digit of 149688?
1
What is the units digit of 1540?
0
What is the hundreds digit of 15082?
0
What is the tens digit of 2371?
7
What is the hundreds digit of 2660?
6
What is the tens digit of 40685?
8
What is the hundreds digit of 65417?
4
What is the units digit of 106?
6
What is the thousands digit of 9963?
9
What is the units digit of 1326?
6
What is the thousands digit of 15275?
5
What is the tens digit of 1432?
3
What is the tens digit of 1703?
0
What is the hundreds digit of 1356?
3
What is the tens digit of 2159?
5
What is the hundreds digit of 195?
1
What is the units digit of 45479?
9
What is the tens digit of 962?
6
What is the tens digit of 151509?
0
What is the hundreds digit of 1812?
8
What is the thousands digit of 1051?
1
What is the thousands digit of 1470?
1
What is the thousands digit of 15569?
5
What is the units digit of 3124?
4
What is the tens digit of 722?
2
What is the ten thousands digit of 20862?
2
What is the tens digit of 12611?
1
What is the hundreds digit of 323?
3
What is the tens digit of 186?
8
What is the thousands digit of 8168?
8
What is the hundreds digit of 8676?
6
What is the units digit of 10915?
5
What is the tens digit of 638?
3
What is the units digit of 4974?
4
What is the hundreds digit of 5112?
1
What is the tens digit of 1923?
2
What is the tens digit of 1435?
3
What is the units digit of 5833?
3
What is the tens digit of 680?
8
What is the ten thousands digit of 40394?
4
What is the units digit of 564?
4
What is the tens digit of 4863?
6
What is the hundreds digit of 4203?
2
What is the units digit of 1025?
5
What is the hundreds digit of 8058?
0
What is the tens digit of 610?
1
What is the units digit of 1977?
7
What is the units digit of 22918?
8
What is the tens digit of 123478?
7
What is the hundreds digit of 13457?
4
What is the units digit of 1133?
3
What is the units digit of 15492?
2
What is the thousands digit of 8608?
8
What is the thousands digit of 43285?
3
What is the hundreds digit of 3609?
6
What is the hundreds digit of 39268?
2
What is the tens digit of 5546?
4
What is the tens digit of 314?
1
What is the hundreds digit of 6840?
8
What is the hundreds digit of 3276?
2
What is the thousands digit of 82772?
2
What is the thousands digit of 24995?
4
What is the units digit of 8072?
2
What is the thousands digit of 1527?
1
What is the tens digit of 1986?
8
What is the thousands digit of 4752?
4
What is the thousands digit of 3508?
3
What is the ten thousands digit of 133845?
3
What is the hundreds digit of 1224?
2
What is the units digit of 637?
7
What is the units digit of 104?
4
What is the tens digit of 13407?
0
What is the hundreds digit of 910?
9
What is the units digit of 969?
9
What is the tens digit of 235?
3
What is the tens digit of 674?
7
What is the units digit of 279?
9
What is the units digit of 1759?
9
What is the units digit of 23229?
9
What is the units digit of 530?
0
What is the ten thousands digit of 65270?
6
What is the tens digit of 6156?
5
What is the thousands digit of 1964?
1
What is the thousands digit of 3330?
3
What is the tens digit of 3637?
3
What is the hundreds digit of 1896?
8
What is the units digit of 6266?
6
What is the tens digit of 25701?
0
What is the tens digit of 27709?
0
What is the ten thousands digit of 31263?
3
What is the tens digit of 4347?
4
What is the ten thousands digit of 24051?
2
What is the thousands digit of 24690?
4
What is the thousands digit of 2039?
2
What is the ten thousands digit of 81058?
8
What is the thousands digit of 7343?
7
What is the units digit of 4599?
9
What is the units digit of 3351?
1
What is the ten thousands digit of 36961?
3
What is the tens digit of 869?
6
What is the tens digit of 277?
7
What is the units digit of 969?
9
What is the units digit of 1434?
4
What is the tens digit of 316?
1
What is the tens digit of 327?
2
What is the ten thousands digit of 70569?
7
What is the hundreds digit of 534?
5
What is the ten thousands digit of 79289?
7
What is the ten thousands digit of 15242?
1
What is the hundreds digit of 3318?
3
What is the hundreds digit of 607?
6
What is the tens digit of 4602?
0
What is the thousands digit of 1255?
1
What is the thousands digit of 4079?
4
What is the units digit of 664?
4
What is the hundreds digit of 2779?
7
What is the thousands digit of 5948?
5
What is the hundreds digit of 3166?
1
What is the thousands digit of 20598?
0
What is the thousands digit of 2882?
2
What is the hundreds digit of 10809?
8
What is the thousands digit of 1294?
1
What is the units digit of 963?
3
What is the tens digit of 63890?
9
What is the hundreds digit of 1395?
3
What is the hundreds digit of 7267?
2
What is the thousands digit of 9761?
9
What is the tens digit of 691?
9
What is the hundreds digit of 14006?
0
What is the tens digit of 7136?
3
What is the tens digit of 3642?
4
What is the ten thousands digit of 16712?
1
What is the tens digit of 741?
4
What is the hundreds digit of 5241?
2
What is the hundreds digit of 34960?
9
What is the units digit of 1008?
8
What is the thousands digit of 36961?
6
What is the units digit of 39?
9
What is the hundreds digit of 9105?
1
What is the hundreds digit of 19535?
5
What is the hundreds digit of 19079?
0
What is the units digit of 1173?
3
What is the thousands digit of 6049?
6
What is the hundreds digit of 9215?
2
What is the hundreds digit of 10412?
4
What is the tens digit of 610?
1
What is the units digit of 8575?
5
What is the ten thousands digit of 13780?
1
What is the tens digit of 125161?
6
What is the hundreds digit of 704?
7
What is the thousands digit of 27014?
7
What is the thousands digit of 11930?
1
What is the hundreds digit of 1789?
7
What is the ten thousands digit of 11232?
1
What is the units digit of 4905?
5
What is the thousands digit of 13676?
3
What is the hundreds digit of 3085?
0
What is the tens digit of 60702?
0
What is the hundreds digit of 2208?
2
What is the thousands digit of 69000?
9
What is the tens digit of 517?
1
What is the ten thousands digit of 20358?
2
What is the units digit of 450?
0
What is the units digit of 32520?
0
What is the units digit of 2547?
7
What is the units digit of 15239?
9
What is the thousands digit of 39663?
9
What is the units digit of 3849?
9
What is the units digit of 1702?
2
What is the thousands digit of 17268?
7
What is the hundreds digit of 6989?
9
What is the units digit of 22009?
9
What is the tens digit of 22144?
4
What is the thousands digit of 17849?
7
What is the units digit of 151101?
1
What is the thousands digit of 43677?
3
What is the tens digit of 1084?
8
What is the tens digit of 24908?
0
What is the units digit of 2201?
1
What is the tens digit of 1161?
6
What is the tens digit of 9646?
4
What is the tens digit of 10400?
0
What is the tens digit of 43971?
7
What is the units digit of 9417?
7
What is the units digit of 8213?
3
What is the tens digit of 1460?
6
What is the units digit of 85908?
8
What is the units digit of 15121?
1
What is the tens digit of 3823?
2
What is the thousands digit of 12066?
2
What is the hundreds digit of 1849?
8
What is the hundreds digit of 441?
4
What is the thousands digit of 81304?
1
